39
What are the prime factors of 512845357?
8747, 58631
List the prime factors of 2155087979.
11, 9511, 20599
What are the prime factors of 262344808?
2, 11, 23, 227, 571
List the prime factors of 137956724.
2, 34489181
What are the prime factors of 3702013176?
2, 3, 67, 853, 2699
List the prime factors of 115372475.
5, 37, 3371
List the prime factors of 2099981129.
71, 29577199
List the prime factors of 43064732.
2, 307, 35069
What are the prime factors of 32910842?
2, 61, 269761
What are the prime factors of 48237778?
2, 24118889
List the prime factors of 295869307.
7243, 40849
List the prime factors of 385398810.
2, 3, 5, 23, 137, 151
List the prime factors of 797372287.
797372287
List the prime factors of 69655030.
2, 5, 773, 9011
What are the prime factors of 121774766?
2, 60887383
List the prime factors of 4632097191.
3, 19, 5309, 15307
List the prime factors of 53997552.
2, 3, 7, 53569
What are the prime factors of 4998059545?
5, 999611909
What are the prime factors of 808208668?
2, 59, 3424613
List the prime factors of 349650928.
2, 11, 113, 17581
What are the prime factors of 19522256?
2, 13, 17, 5521
List the prime factors of 110084316.
2, 3, 17, 539629
What are the prime factors of 17206480?
2, 5, 37, 5813
List the prime factors of 1335795818.
2, 7, 95413987
What are the prime factors of 117999948?
2, 3, 11, 893939
List the prime factors of 76431489.
3, 25477163
What are the prime factors of 156536522?
2, 67, 1168183
List the prime factors of 36678124.
2, 7, 277, 4729
List the prime factors of 592652138.
2, 13, 22794313
What are the prime factors of 191392788?
2, 3, 15949399
What are the prime factors of 2897566809?
3, 965855603
List the prime factors of 5386042391.
17, 83, 3817181
What are the prime factors of 1010376970?
2, 5, 1373, 73589
What are the prime factors of 10664456?
2, 11, 23, 479
What are the prime factors of 78417364?
2, 19604341
List the prime factors of 5479401853.
5479401853
What are the prime factors of 637706278?
2, 11, 17, 1705097
What are the prime factors of 140468535?
3, 5, 17, 139, 1321
What are the prime factors of 462622949?
462622949
List the prime factors of 177390074.
2, 61, 179, 8123
List the prime factors of 4034566261.
11, 59, 79, 78691
List the prime factors of 366640206.
2, 3, 61106701
What are the prime factors of 23753623?
23753623
List the prime factors of 476575630.
2, 5, 151, 315613
What are the prime factors of 2107486334?
2, 1053743167
What are the prime factors of 155730465?
3, 5, 11, 104869
What are the prime factors of 1531294074?
2, 3, 17, 1861, 2689
What are the prime factors of 343145921?
1447, 237143
What are the prime factors of 2034572871?
3, 678190957
What are the prime factors of 60413340?
2, 3, 5, 13, 73, 1061
What are the prime factors of 1281541071?
3, 23, 18573059
What are the prime factors of 348873194?
2, 31, 5626987
List the prime factors of 10774124.
2, 17, 158443
List the prime factors of 284615002.
2, 7, 71, 286333
What are the prime factors of 824006449?
7, 59, 269, 7417
List the prime factors of 255363281.
751, 340031
What are the prime factors of 220295897?
220295897
List the prime factors of 220846871.
7, 4507079
What are the prime factors of 3884113978?
2, 1733, 1120633
List the prime factors of 46939026.
2, 3, 53, 147607
What are the prime factors of 188392742?
2, 17, 325939
List the prime factors of 483961126.
2, 11, 53, 415061
What are the prime factors of 52048538?
2, 71, 359, 1021
What are the prime factors of 7640526?
2, 3, 1273421
List the prime factors of 73662280.
2, 5, 1841557
What are the prime factors of 2115705785?
5, 423141157
What are the prime factors of 23253778?
2, 71, 83, 1973
List the prime factors of 209522179.
2593, 80803
List the prime factors of 370151891.
370151891
What are the prime factors of 30232057?
277, 109141
List the prime factors of 399254372.
2, 11, 19, 477577
What are the prime factors of 9003235345?
5, 13, 23, 37, 53, 83
What are the prime factors of 49424750?
2, 5, 197699
What are the prime factors of 601218982?
2, 7, 13, 3303401
What are the prime factors of 2272061248?
2, 41, 865877
What are the prime factors of 184019211?
3, 20446579
List the prime factors of 226903998.
2, 3, 17, 1091, 2039
What are the prime factors of 340968512?
2, 337, 15809
List the prime factors of 1302644923.
73, 167, 106853
List the prime factors of 7648972934.
2, 821, 4658327
List the prime factors of 421567964.
2, 109, 311, 3109
List the prime factors of 746389867.
79, 83, 89, 1279
What are the prime factors of 707922687?
3, 17, 41, 83, 4079
What are the prime factors of 1366723276?
2, 19, 17983201
What are the prime factors of 4779895269?
3, 1593298423
List the prime factors of 106589892.
2, 3, 8882491
List the prime factors of 278732635.
5, 277, 201251
List the prime factors of 2352131805.
3, 5, 1151, 136237
What are the prime factors of 998935467?
3, 53, 6282613
List the prime factors of 272739064.
2, 13, 59, 44449
List the prime factors of 88342797.
3, 29447599
List the prime factors of 2836078833.
3, 7, 19, 7107967
List the prime factors of 1637919732.
2, 3, 47, 71, 40903
What are the prime factors of 1408358381?
1867, 754343
List the prime factors of 928560587.
17, 54621211
What are the prime factors of 2900105183?
29, 103, 970909
List the prime factors of 88764078.
2, 3, 13, 263, 4327
List the prime factors of 113186438.
2, 56593219
What are the prime factors of 2402047253?
271, 8863643
List the prime factors of 4541681739.
3, 7, 19, 61, 186601
What are the prime factors of 1303997137?
269, 4847573
What are the prime factors of 109271898?
2, 3, 47, 227, 569
List the prime factors of 510456693.
3, 3559, 47809
List the prime factors of 78668126.
2, 29, 149, 9103
List the prime factors of 1563860674.
2, 1051, 743987
List the prime factors of 73095787.
173, 283, 1493
List the prime factors of 2603727176.
2, 325465897
List the prime factors of 209361369.
3, 7, 203461
What are the prime factors of 945238866?
2, 3, 11, 13, 19, 23, 2521
List the prime factors of 2646131713.
89, 29731817
What are the prime factors of 564504061?
11, 51318551
What are the prime factors of 399536607?
3, 43, 3097183
List the prime factors of 1108613599.
31, 59, 606131
List the prime factors of 740446421.
11, 13, 5177947
What are the prime factors of 442026378?
2, 3, 4057, 6053
List the prime factors of 3129314373.
3, 347701597
List the prime factors of 316793142.
2, 3, 41, 429259
What are the prime factors of 906589116?
2, 3, 25183031
List the prime factors of 658208309.
11, 59837119
What are the prime factors of 740946198?
2, 3, 113, 173, 6317
What are the prime factors of 192503052?
2, 3, 7, 763901
What are the prime factors of 24077947?
41, 587267
What are the prime factors of 102311662?
2, 373, 137147
What are the prime factors of 2173031131?
2173031131
List the prime factors of 1296825222.
2, 3, 7, 11, 47, 59723
List the prime factors of 59020930.
2, 5, 5902093
List the prime factors of 256688332.
2, 64172083
What are the prime factors of 1407237137?
41, 3793, 9049
What are the prime factors of 468199741?
79, 101, 58679
List the prime factors of 339465019.
911, 372629
List the prime factors of 117281593.
11, 13, 227, 3613
What are the prime factors of 1309288165?
5, 47, 1201, 4639
What are the prime factors of 1008367918?
2, 504183959
List the prime factors of 2729960038.
2, 13, 1013, 103651
List the prime factors of 1835592097.
47, 79, 494369
List the prime factors of 240722870.
2, 5, 24072287
What are the prime factors of 1570495324?
2, 41, 3001, 3191
What are the prime factors of 1945322922?
2, 3, 324220487
List the prime factors of 160652525.
5, 11, 523, 1117
What are the prime factors of 10073515?
5, 19, 107, 991
List the prime factors of 204145317.
3, 37, 613049
List the prime factors of 1420609788.
2, 3, 13, 59, 51449
What are the prime factors of 1026202853?
13, 1741, 45341
List the prime factors of 87354853.
7723, 11311
What are the prime factors of 129238470?
2, 3, 5, 73, 79, 83
List the prime factors of 28846065.
3, 5, 523, 3677
What are the prime factors of 64190783?
463, 138641
List the prime factors of 31977732.
2, 3, 2664811
List the prime factors of 53021814.
2, 3, 37, 238837
List the prime factors of 65917109.
17, 3877477
What are the prime fact